ivative of -u**3/3 - 13*u**2/2 - 8*u + 2. Let f be i(-13). Let z = 137 - f. Is z a composite number?
True
Let b(m) = -41*m**3 - 2*m - 3. Let r(z) = z**2 + 5*z - 8. Suppose -t + 4*y + 2 = 0, 4*t = 2*y - 5*y - 30. Let w be r(t). Is b(w) a composite number?
True
Suppose -69*y = -75*y + 85638. Is y prime?
False
Is 75680 - 2 - (19 + -9)/(-2) prime?
True
Suppose 0 = -2*p + 7*p - 40. Suppose 3*s = 5*s + 4122. Is p/52 + s/(-39) a composite number?
False
Suppose 2*m + 2*x = 3364, -m + 985 = 3*x - 687. Is m prime?
False
Let t = 6796 + -4827. Is t a composite number?
True
Suppose -2*z + 13 = 5*y, 5*y = 5*z + 14 + 6. Is (1 - -1096) + y - (-5 - -6) prime?
False
Suppose -15*p = -453668 - 439387. Is p a composite number?
True
Let c(x) = -782*x + 79. Is c(-14) a prime number?
True
Suppose 5*h = b - 2*b + 951, -h - 4755 = -5*b. Is b/27 - 1/(27/6) prime?
False
Let m = 22761 - 12628. Is m a prime number?
True
Suppose -n = -2, 15083 = 5*f + 2*n - 3*n. Is f composite?
True
Let k be 5*22*(-85)/(-5). Is 3 - k/(-9 - -4) a composite number?
True
Let x be (-664 - 0)*(90/(-4))/5. Let a = 7771 - x. Is a composite?
False
Suppose 2916 = 8*v + v. Let c = -201 + v. Is c prime?
False
Let c be (6/(-7))/((-6)/42). Is 32865/24 - c*(-2)/(-32) a composite number?
True
Suppose -126972 = -9*s - 30195. Is s a prime number?
True
Let i = 61 + -63. Is i/3*((-36834)/4)/7 prime?
True
Suppose -166436 = -5*y + p, -y + 3*p + 44425 = 11135. Is y composite?
False
Suppose -55 - 22 = 7*b. Let t(y) be the third derivative of y**6/120 + 13*y**5/60 + y**4/12 - 5*y**3/6 + y**2. Is t(b) a prime number?
False
Suppose -f - 118 = 5*j, 0 = -5*j - 0*f - 4*f - 127. Let m = j - 2. Is 2996/10 + 15/m a prime number?
False
Is -12*((-9)/(-18))/((-8)/4276) prime?
False
Suppose -3*f + 4*n + 46090 = -59043, 2*f + n = 70107. Is f composite?
False
Let f = 9 - -6. Is 6/10 + 34746/f prime?
False
Suppose 0 = -2*u + 4*i + 159074, 31*u - 26*u - 397664 = 3*i. Is u composite?
False
Suppose -16 = -4*r, v - r - 726 = 61. Is v composite?
True
Suppose -3*h = -5*h + 6. Suppose 2*o - 835 = -5*i - 3*o, o - h = 0. Let l = i + 383. Is l composite?
False
Suppose 0 = 4*o + 8, -6*o + 26143 = 5*s - 10*o. Is s a composite number?
False
Suppose -12 = -w - 5*w. Is (-2)/(4/(-542)) + (-4)/w a composite number?
False
Suppose 0 = -2*l + 6*l - 16. Suppose 3*a = 4*n + 3029, -2*a + 0*n + 2050 = 5*n. Suppose l*b - a = -b. Is b a composite number?
True
Is ((-21699)/(-27))/(1/3) prime?
True
Suppose 3*b - 5273 = -4*n, 7*b + 2*n - 8793 = 2*b. Is b a composite number?
False
Let k = -340 + 647. Is k prime?
True
Suppose 30144 = -4*h + 6*h - 2*r, 1 = -r. Is h prime?
False
Suppose -2133 = 9*c - 14004. Suppose 4*q = n + c, -n - 759 - 229 = -3*q. Is q a composite number?
False
Let c(g) = 410*g - 1. Let a(m) = 11*m**3 - m**2 + 2*m - 1. Let u be a(1). Suppose 2*y = -i - 0*y + u, -2*y + 9 = -i. Is c(i) a prime number?
True
Let q = 2 + 161. Let d = q - -2170. Is d composite?
False
Let q(w) = w**2 + 10*w - 20. Let j be q(-11). Let x(i) = -38*i - 11. Is x(j) composite?
False
Let x = 4242 + 3619. Is x prime?
False
Let x(y) = 112*y**2 + 40*y - 231. Is x(25) composite?
False
Suppose 3*w - 17 = -4*j, j - 2*w = 4 + 3. Suppose 0 = -j*h + n + 5, -3*h + 0*h + 20 = -4*n. Suppose -10*f + 12*f - 266 = h. Is f prime?
False
Let o = -64 - -17. Let j = o - -118. Is j composite?
False
Let w be 10/(-3)*15/(-10). Suppose w*o = -480 + 1715. Is o a prime number?
False
Let r be 17/(-4) + 17/68. Is (r/12)/(3/(-16155)) a composite number?
True
Suppose 11*v - 5828 = 18075. Is v a prime number?
False
Let s(x) = 4318*x**2 + 40*x - 85. Is s(2) a prime number?
False
Suppose 0 = 38*w + 2098 - 11028. Is w a composite number?
True
Let a(s) = 95*s + 4. Let o be a(9). Suppose 245 = -2*p + o. Is p composite?
False
Let b be (-66)/(-9) + (-2)/6. Suppose -b = -5*i - 32, 0 = -4*c + i + 13. Suppose 3*d = 2*n + 65, -4 = c*n + 4. Is d a prime number?
True
Suppose -33 = -2*o + m, -3*o + 31 = 3*m - 14. Suppose u - o = 55. Is u a composite number?
False
Suppose -2*c = -z + 2*c - 241, 0 = -2*z + 5*c - 470. Let k be -2 + (1 - 2 - z). Suppose -k = -4*g + 302. Is g prime?
True
Let o be (156/91)/(4/8974). Is (-6)/42 + o/21 prime?
False
Let c(h) = 57*h**3 - 2*h**2 - 4*h + 3. Let o(y) = -58*y**3 + 2*y**2 + 4*y - 4. Let u(p) = -7*c(p) - 6*o(p). Is u(-2) composite?
True
Let f = 2963 + -1702. Is f prime?
False
Let b = 2 - 3. Let k = 3 + b. Suppose -k*c + 141 = c. Is c prime?
True
Let y be (196/35)/(2/30). Suppose i - 2*i = -y. Suppose 2*n + i = 6*n. Is n a composite number?
True
Let i(w) = -12*w**3 - 13*w**2 - 10*w - 38. Is i(-11) a composite number?
True
Suppose -2*p + 2*f + 1424 = -744, -2*p - f + 2177 = 0. Is p prime?
True
Let f(j) be the second derivative of 11*j**6/720 + j**5/60 - j**4/3 - 3*j. Let w(r) be the third derivative of f(r). Is w(7) composite?
False
Suppose -5*f + 19296 = a, 0 = 2*a - 5*f - 32811 - 5706. Is a composite?
True
Is 383 + 16 + 0 + -5 + 3 a composite number?
False
Let g(s) = -68*s + 7. Let p(j) = 204*j - 22. Let d(m) = -16*g(m) - 5*p(m). Let n be d(-1). Is (0 - 1) + n/(-2) a composite number?
True
Let r(w) = -8*w**3 - 6*w**2 - 8*w - 1. Let d be r(-7). Suppose 0 = -3*l + d + 3342. Is l a composite number?
False
Let p(z) = 1183*z**2 + 31*z + 163. Is p(-6) composite?
True
Is 12/(-14) + (-222038)/(-14) a prime number?
True
Let t be ((-45)/(-6))/((-1)/6). Let f = 292 - t. Is f a composite number?
False
Suppose 22*z = -6*z + 182588. Is z composite?
False
Let x(k) = k**2 - 1. Let f = 6 + -4. Let a be x(f). Suppose 3 = 3*s, a*s = 5*u - 864 - 578. Is u prime?
False
Let r = 292 - 160. Is (0 - 474/(-9))/(8/r) a prime number?
False
Suppose -24784 = 12*u - 16*u. Suppose -4*w + 10240 = -u. Is w a prime number?
False
Suppose -f + h + 442 = 0, -2*h = -2*f + 3*f - 454. Let i be f*1*(-27)/6. Let m = -1300 - i. Is m composite?
True
Let o(l) = -5*l**2 - 25*l - 26. Let c(d) = 2*d**2 + 12*d + 13. Let p(g) = -7*c(g) - 3*o(g). Is p(13) composite?
True
Let x(c) = -30*c**3 + 3*c**2 + 33*c - 55. Is x(-13) a composite number?
True
Let c(w) = w**2 + 8*w + 11. Let h be c(-2). Is h + 10/(-3)*-6 composite?
False
Let b(r) = -584*r**2 + 3*r + 3. Let h(s) = -s - 1. Let t(f) = -b(f) - 2*h(f). Is t(2) composite?
False
Let j = 19246 - 8089. Is j a prime number?
False
Let x(o) = 143*o - 2. Let v(i) = -144*i + 3. Let w(c) = 3*v(c) + 2*x(c). Is w(-7) a prime number?
False
Let g = -58 + 60. Is -1 + -2 + g + 380 a composite number?
False
Let y(j) = 1 + 6*j**2 - 3*j + 8*j + 3*j + 21. Is y(-10) a composite number?
True
Suppose w + 4*w = 5*b + 30105, 2*b = -2*w + 12026. Is w prime?
False
Suppose 0 = 17*q - 12*q + 5, 0 = -4*h - 5*q + 467. Let f = 152 - h. Is f prime?
False
Let y(s) = -5*s**3 + s**2 + 2*s + 1. Let v be y(-1). Suppose v - 21 = -4*g. Suppose -g*r + 100 = -0*r. Is r prime?
False
Suppose 0 = 2*k + k - 5*b + 55, 5*k + 2*b + 40 = 0. Let c(x) = -x - 7. Let r be c(k). Suppose -2*t - 5*f + 251 = -156, -4*t + r*f = -749. Is t a prime number?
True
Let k(f) = -15*f**3 + 3*f**2 - 5*f + 1. Let m be k(-4). Let a = m - 546. Suppose -6*j + a = -3*j. Is j prime?
False
Let h(l) = -l + 294. Is h(29) a prime number?
False
Suppose -s = 2*d + s - 27094, 5*d - s = 67759. Is d a composite number?
True
Let d(n) = 11053*n**3 + 6*n - 5. Is d(1) composite?
True
Suppose 0*h = 9*h + 27846. Let k = h - -6435. Is k prime?
False
Let q = 22721 + 852. Is q prime?
False
Suppose 3*f - 5 = 16. Suppose 2*c - f = 3*a, 0*c + 4*a = c - 6. Suppose -c*t + 166 = -916. Is t a prime number?
True
Let z = 42787 - 15516. Is z composite?
False
Let j(t) = 2*t**2 + 23*t + 15. Let x be j(-11). Suppose 1136 = 3*k + 5*g, -2*g - 17 = -x*k + 1515. Is k composite?
True
Let g be (-5516)/(-70)*5/2. Let f = 420 - g. Is f a prime number?
True
Suppose 4*u + 2977 = c, 2995 = -5*u + 4*c - 729. Let z = 2059 + u. Is z a prime number?
False
Let f = 20 + -18. Suppose -f*p + 1263 = -b - 732, -5*b = 5. Is p prime?
True
Let q(i) = 20*i**2 + 3*i - 8. Let c(y) = -5*y - 3. Let g be c(-2). Is q(g) a prime number?
False
Suppose 5*r + 10 = -f, 0*f - 85 = -4*f + 5*r. Let b = -10 + f. Suppose -40 = -3*d - b*g + 45, 5*g + 90 = 2*d. Is d composite?
True
Let o(k) = -2*k**2 + 3*k**2 + k**3 + 6*k**2 - 10*k - 10. Let a(p) = p + 2. Let u be a(-10). Is o(u) prime?
False
Let f be (-1 + 0)/((-10)/40). Is 